he ten millions digit of 15717501?
1
What is the ten thousands digit of 495745?
9
What is the tens digit of 179739?
3
What is the hundred thousands digit of 3745355?
7
What is the hundred thousands digit of 2150673?
1
What is the hundreds digit of 89186?
1
What is the units digit of 1475217?
7
What is the millions digit of 1875521?
1
What is the tens digit of 2711?
1
What is the ten thousands digit of 1988067?
8
What is the ten thousands digit of 617098?
1
What is the thousands digit of 1615172?
5
What is the hundred thousands digit of 1007536?
0
What is the thousands digit of 455044?
5
What is the units digit of 3806650?
0
What is the hundreds digit of 81336?
3
What is the ten thousands digit of 533690?
3
What is the hundred thousands digit of 1322041?
3
What is the hundreds digit of 27204576?
5
What is the ten thousands digit of 446182?
4
What is the tens digit of 3717679?
7
What is the ten millions digit of 15982643?
1
What is the thousands digit of 22905?
2
What is the millions digit of 5726064?
5
What is the hundreds digit of 4755996?
9
What is the hundreds digit of 5594524?
5
What is the hundred thousands digit of 2430327?
4
What is the thousands digit of 1041966?
1
What is the thousands digit of 985885?
5
What is the tens digit of 781493?
9
What is the millions digit of 6134375?
6
What is the tens digit of 837074?
7
What is the tens digit of 727846?
4
What is the thousands digit of 13971872?
1
What is the units digit of 31605938?
8
What is the hundreds digit of 568212?
2
What is the hundreds digit of 454950?
9
What is the hundreds digit of 34453?
4
What is the units digit of 2463379?
9
What is the tens digit of 228597?
9
What is the thousands digit of 715270?
5
What is the ten thousands digit of 850500?
5
What is the hundreds digit of 9412744?
7
What is the hundreds digit of 628371?
3
What is the tens digit of 5880727?
2
What is the thousands digit of 5042637?
2
What is the units digit of 64058?
8
What is the hundreds digit of 7247810?
8
What is the ten millions digit of 15734727?
1
What is the tens digit of 36851?
5
What is the millions digit of 1051136?
1
What is the units digit of 699362?
2
What is the ten thousands digit of 45517?
4
What is the millions digit of 1960687?
1
What is the hundreds digit of 786576?
5
What is the units digit of 3422934?
4
What is the tens digit of 2042478?
7
What is the millions digit of 3771894?
3
What is the ten thousands digit of 98031?
9
What is the millions digit of 4774414?
4
What is the units digit of 18840405?
5
What is the units digit of 2810411?
1
What is the hundred thousands digit of 224070?
2
What is the hundreds digit of 17835700?
7
What is the hundred thousands digit of 911810?
9
What is the hundreds digit of 5361510?
5
What is the ten thousands digit of 898702?
9
What is the tens digit of 431915?
1
What is the units digit of 1614121?
1
What is the ten thousands digit of 1402280?
0
What is the hundred thousands digit of 6169713?
1
What is the tens digit of 63534?
3
What is the millions digit of 1432448?
1
What is the hundreds digit of 186829?
8
What is the hundred thousands digit of 566821?
5
What is the hundreds digit of 130305?
3
What is the units digit of 10543481?
1
What is the thousands digit of 11073?
1
What is the units digit of 341031?
1
What is the tens digit of 207531?
3
What is the thousands digit of 25699585?
9
What is the hundreds digit of 128610?
6
What is the ten thousands digit of 3188086?
8
What is the hundred thousands digit of 153379?
1
What is the hundred thousands digit of 193119?
1
What is the ten thousands digit of 244134?
4
What is the tens digit of 12857944?
4
What is the hundred thousands digit of 127853?
1
What is the ten thousands digit of 1514267?
1
What is the millions digit of 1194054?
1
What is the units digit of 7855727?
7
What is the thousands digit of 30673681?
3
What is the units digit of 8785712?
2
What is the hundreds digit of 980041?
0
What is the hundreds digit of 9315176?
1
What is the ten thousands digit of 72839?
7
What is the tens digit of 31390582?
8
What is the thousands digit of 7922934?
2
What is the hundreds digit of 9423361?
3
What is the hundreds digit of 2493144?
1
What is the hundred thousands digit of 154967?
1
What is the units digit of 5348227?
7
What is the ten thousands digit of 288731?
8
What is the hundreds digit of 16544154?
1
What is the hundred thousands digit of 10597632?
5
What is the hundreds digit of 16313?
3
What is the units digit of 1024449?
9
What is the hundred thousands digit of 377741?
3
What is the hundreds digit of 31335958?
9
What is the ten thousands digit of 14653964?
5
What is the hundreds digit of 419256?
2
What is the units digit of 6103640?
0
What is the thousands digit of 492646?
2
What is the tens digit of 230913?
1
What is the tens digit of 27835929?
2
What is the thousands digit of 5178989?
8
What is the hundreds digit of 1885840?
8
What is the hundred thousands digit of 414156?
4
What is the hundreds digit of 3313938?
9
What is the hundred thousands digit of 10394866?
3
What is the units digit of 2213480?
0
What is the thousands digit of 162564?
2
What is the units digit of 2682101?
1
What is the ten thousands digit of 97163?
9
What is the hundreds digit of 1359042?
0
What is the ten thousands digit of 4552598?
5
What is the units digit of 381465?
5
What is the ten thousands digit of 101403?
0
What is the millions digit of 3168376?
3
What is the ten thousands digit of 258422?
5
What is the tens digit of 145864?
6
What is the ten thousands digit of 325690?
2
What is the ten thousands digit of 3265122?
6
What is the thousands digit of 838843?
8
What is the hundreds digit of 154085?
0
What is the hundred thousands digit of 9074422?
0
What is the ten thousands digit of 13241728?
4
What is the hundred thousands digit of 2904642?
9
What is the hundred thousands digit of 3857368?
8
What is the hundred thousands digit of 629058?
6
What is the ten thousands digit of 3648073?
4
What is the hundred thousands digit of 1719583?
7
What is the hundred thousands digit of 6678813?
6
What is the thousands digit of 7067895?
7
What is the millions digit of 31276002?
1
What is the tens digit of 1680784?
8
What is the ten thousands digit of 33373638?
7
What is the hundred thousands digit of 645525?
6
What is the units digit of 6595817?
7
What is the ten thousands digit of 464800?
6
What is the units digit of 2520085?
5
What is the hundreds digit of 55875?
8
What is the units digit of 337293?
3
What is the units digit of 21462021?
1
What is the tens digit of 1346838?
3
What is the hundred thousands digit of 147606?
1
What is the hundred thousands digit of 399922?
3
What is the thousands digit of 422771?
2
What is the thousands digit of 25284055?
4
What is the thousands digit of 6327681?
7
What is the hundred thousands digit of 1531524?
5
What is the hundred thousands digit of 515184?
5
What is the tens digit of 1018250?
5
What is the hundreds digit of 18846348?
3
What is the tens digit of 18028958?
5
What is the units digit of 4766004?
4
What is the thousands digit of 18517?
8
What is the thousands digit of 11112989?
2
What is the thousands digit of 151346?
1
What is the hundreds digit of 768179?
1
What is the ten thousands digit of 20268029?
6
What is the ten thousands digit of 164050?
6
What is the hundreds digit of 222828?
8
What is the tens digit of 89853?
5
What is the tens digit of 119197?
9
What is the ten thousands digit of 18124458?
2
What is the millions digit of 1009563?
1
What is the ten thousands digit of 150839?
5
What is the millions digit of 7311492?
7
What is the units digit of 4285138?
8
What is the thousands digit of 837523?
7
What is the hundred thousands digit of 256601?
2
What is the units digit of 8707635?
5
What is the ten thousands digit of 36139?
3
What is the ten thousands digit of 157060?
5
What is the hundred thousands digit of 164666?
1
What is the hundreds digit of 501512?
5
What is the hundred thousands digit of 3694496?
6
What is the thousands digit of 145763?
5
What is the tens digit of 2121438?
3
What is the thousands digit of 473824?
3
What is the millions digit of 11151183?
1
What is the millions digit of 1093431?
1
What is the millions digit of 6313112?
6
What is the hundreds digit of